 + 5*c + 1. Calculate t(m).
-5
Let c be 3/39 - (-1196)/(-169). Let i(z) be the first derivative of 1/2*z**2 + 3*z - 1 + 1/4*z**4 + 7/3*z**3. What is i(c)?
-4
Let v(t) = t**2 - 5*t + 5. Let z be (5/(-20))/((-2)/24). Suppose -o + 12 = -z. Suppose 6*l + o = 9*l. Determine v(l).
5
Let a(c) = -2*c - 64. Let v be a(0). Let z = v + 65. Let n(r) be the third derivative of -r**6/15 - r**5/60 + r**4/12 - r**3/6 - r**2. Calculate n(z).
-8
Let u(s) = s**2 + 3*s + 2. Let y(b) = 2*b**3 + 15*b**2 + 7*b + 3. Let z be y(-7). Let p(q) = q**2 - 5*q + 3. Let h be p(z). Determine u(h).
2
Let p(d) be the third derivative of 18*d**2 + 1/8*d**4 - 1/120*d**6 - 1/2*d**3 + 0*d + 0*d**5 + 0. Determine p(2).
-5
Let d(n) = -n**3 + 30*n**2 - 32*n + 91. Let i be d(29). Let s(l) = l**2 - 2*l - 5. Determine s(i).
3
Let a(j) = -j - 7. Let v(t) = 5 + 4*t + 3 + 2. Let n(m) = -5*m - 11. Let b(c) = -3*n(c) - 4*v(c). Let z(y) = -4*a(y) + 3*b(y). Determine z(-6).
1
Let d(j) = j**3 + 6*j**2 + 6*j + 9. Let y be d(-5). Let w be 0/(y + -2 + 0). Let g(z) = z + 10. Give g(w).
10
Let b = -1011 - -1016. Let r(m) = -6*m + 1. Give r(b).
-29
Let b(f) = 6*f**2 + 35*f - 17. Let k be b(-6). Let z(u) = -u**3 - 11*u**2 - 13. Determine z(k).
-13
Let a(j) = 3*j**2 - 7*j - 16. Let c(g) = 14*g**2 - 29*g - 63. Let h(q) = 9*a(q) - 2*c(q). Calculate h(-3).
-12
Suppose 12*l + 42*l = 1080. Let o(f) = f**2 - 20*f - 4. Determine o(l).
-4
Let r be 108/288 + (-54)/16. Let x(f) = f**2 + 2*f - 1. Give x(r).
2
Let w be 1*-1*(-2 - 1). Let m(i) be the third derivative of 11*i**2 + 1/24*i**4 + 0 + 0*i + 0*i**3. Calculate m(w).
3
Let l(c) be the second derivative of c**4/3 - c**2/2 + 316*c. Calculate l(-1).
3
Let d(k) = k**3 - k**2 - k + 1. Let m = 32 + -22. Let y(t) = -4*t - 4. Let v be y(-4). Let x = v - m. Give d(x).
3
Let q(i) be the third derivative of i**8/2240 - i**7/840 + i**6/720 - i**5/120 + i**4/2 - 4*i**2. Let l(k) be the second derivative of q(k). Give l(2).
13
Suppose 92 = 20*q - 8. Let t(i) be the third derivative of 0*i**3 + 0 - 2*i**2 + 0*i + 1/20*i**q - 1/12*i**4. Give t(2).
8
Let t(b) = 2*b - 36. Let f = -1164 - -1180. Determine t(f).
-4
Let q be (-182)/49 + (-2)/7. Let t be (-3 - 69)*(-2)/q. Let m be t/(-21) + (-4)/(-14). Let n(v) = -4*v + 1. What is n(m)?
-7
Suppose 0 = -3*s + 14 + 31. Let j(u) = 0 - s*u**2 - 8*u + 4*u + 16*u**2 - 2. Determine j(5).
3
Let o(z) = z**3 - z**2 - z + 5. Suppose -g - 4*c - 4 = 3*g, -3*g + 2*c = 13. Let n be 0 - (3 + g)/2. Let d be o(n). Let j(s) = s - 4. Calculate j(d).
1
Let w(b) = -2*b - 4. Let z be w(1). Let r be z/14 + 3/7. Let l(x) = x**2 - x + 9. Determine l(r).
9
Let m(d) = -d**3 + d**2 + 2*d - 1. Let f be m(-2). Suppose 0 = -r + f - 1. Let p = r + -10. Let t(o) = o**3 + 5*o**2 + 2*o - 3. Determine t(p).
5
Let z(x) = 2*x**2 - 11*x + 5. Let c be z(4). Let f(p) = p**2 + 8*p - 3. Calculate f(c).
-10
Suppose 0 = 6*c + 7 + 5. Let l(i) = 15655 - 15654 + 0*i - 3*i**3 + i. Give l(c).
23
Let g(w) be the third derivative of -w**6/120 - w**5/20 + w**4/6 + 2*w**3/3 + 5*w**2. Let j be g(-4). Let v(i) = -i**2 + 2*i + 2. Calculate v(j).
-6
Let k(s) = 3*s**3 + 5*s**2 + 4*s - 3. Let r(j) = -4*j**3 - 6*j**2 - 4*j + 4. Let d(z) = 6*k(z) + 5*r(z). Give d(-2).
10
Let a(p) = -p + 3. Let y(c) = -c**3 - 3*c**2 - c - 1. Let u be y(-3). Let b be 6 - (u - -1) - -2. Suppose 20 = -q + b*d, -2*q + d = -4*q + 4. Calculate a(q).
3
Let b = 0 - -5. Suppose -b*v + 6 = 4*z, -3*z = -5*v - 24 + 2. Let w(j) = -943*j**2 + 460*j**2 + 1 + j + 481*j**2. Determine w(v).
-9
Let g(x) = -5*x**2 + 10*x - 21. Let u be g(5). Let f = u + 98. Let n(r) = 2*r**2 + 3*r - 1. Calculate n(f).
13
Let o be -4*(-15)/140 + 36/14. Suppose 0 = -7*v + o*v - 24. Let c(l) = -l**3 - 5*l**2 + 2*l. Give c(v).
24
Suppose -23 + 5 = -3*v. Let r(a) be the second derivative of -a**4/12 + 2*a**3/3 + 2*a**2 - 4*a + 6. Give r(v).
-8
Let r be 4*(-2)/((-16)/6). Let y(h) = h**3 - 2*h + 2. Determine y(r).
23
Let u(d) = -76*d + 8. Let s be u(-1). Let b = -91 + s. Let y(g) = -g**2 - 8*g - 8. What is y(b)?
-1
Let v(i) = i - 1. Let q be (-46)/(-92)*(-1 - -2 - -23). Give v(q).
11
Let i be (32*3)/(-6)*(-1 + 0). Let v(s) = -3*s + 42. What is v(i)?
-6
Let r = 572 - 576. Let k(c) = c**2 + c + 1. Calculate k(r).
13
Let k(i) = -14*i**2 - 72*i + 21. Let l(m) = 3*m**2 + 17*m - 5. Let j(h) = -2*k(h) - 9*l(h). Calculate j(8).
-5
Let s(t) = 3*t**3 - 15*t**2 + 15*t - 20. Let q(d) = 5*d**3 - 23*d**2 + 23*d - 32. Let r(n) = -5*q(n) + 8*s(n). Determine r(-5).
-25
Let q(g) = -12*g**2 - 1. Let z(p) = -p**2 - 14*p - 9. Suppose -41 - 29 = 5*y + 5*m, -2*m + 56 = -4*y. Let u be z(y). Let n = u - -10. What is q(n)?
-13
Suppose -o = 2*r + 3*r + 8, 3*r - 4 = -5*o. Let y(p) = -3*p**2 + 0*p**2 + 4*p**2 + o*p. Give y(-3).
3
Let c(y) = 2*y - 9. Let h be c(4). Let r(x) = -1 - 3*x - 2 - 6*x - 7*x. Let m(l) = 5*l + 1. Let q(z) = 8*m(z) + 3*r(z). Determine q(h).
7
Let p(m) = 5*m**3 - 21*m**2 + 5*m - 9. Suppose 3*b = 3*i - 9, -5*b - 19 - 6 = 0. Let c(h) = h**3 - 5*h**2 + h - 2. Let s(z) = i*p(z) + 9*c(z). Determine s(-2).
-2
Let w(p) = -p**2 + 20*p + 13. Let z be w(20). Suppose 5*l + 2 = -z. Let b(f) = -2*f - f**2 + 6*f**3 - 5*f**3 + 3*f**2 + 1. Determine b(l).
-2
Suppose 5*n - 21 = -6. Suppose -4*u = n*f + 12, -f - 4*f = -3*u - 9. Let k(b) = 0*b**2 - 1 - 8 + b**2. What is k(f)?
-9
Let a(x) = -x**3 + x. Let p be -1 + (-5 - -2) - -13. Suppose 0 = -2*t - 5*b + 21, 8*t - p*t - 5*b + 23 = 0. Determine a(t).
6
Let y(u) be the first derivative of 4*u + 7/2*u**2 + 2/3*u**3 - 1. Let j = -1 - 3. Determine y(j).
8
Suppose -3*w = -w - 4. Let x(n) = 6 - 1 - w*n - n**3 - 3 + 5*n**2. Suppose -105*g = -103*g - 8. Calculate x(g).
10
Suppose 3*r + 8 = k + 9, -4*k + 5*r + 3 = 0. Let p(y) be the first derivative of -y**4 + 0*y**3 + 1/2*y**k + y + 2. What is p(-1)?
4
Suppose -9*o - 10 = -14*o - c, 4*c - 8 = -4*o. Let r(j) = j**3 - j**2 + 4*j - 3. Calculate r(o).
9
Let a(l) = 24 + 69 + l - 4*l**3 - 92. Suppose -3*g = 3*p - 0*p, -4 = 3*p - g. Calculate a(p).
4
Let c(s) = s**3 - 14*s**2 - 13*s - 11. Let n(x) = -3*x**3 + 41*x**2 + 38*x + 34. Let z(t) = -11*c(t) - 4*n(t). Give z(11).
7
Let c(n) = -2*n**3 + 4*n**2 - 5*n - 2. Let f(m) = -m**3 + 2*m**2 - 3*m - 1. Let q(o) = -3*c(o) + 5*f(o). Let j = 33 + -30. Give q(j).
10
Let q(b) = -394*b + 1. Let z(j) = 66*j - 1. Let x(w) = q(w) + 6*z(w). Let i(m) = m. Let g be i(0). Suppose c + p = g, -8 = -c - 3*c - 2*p. Determine x(c).
3
Let v(k) = 5 - 8*k + 2*k + 0*k + 2*k + 5*k. Determine v(-9).
-4
Let p(h) = h**2 - 10*h - 6. Let w be p(11). Suppose 5*d - w*y = 40, -d - 3*y + 20 = -0*d. Let l = d - 9. Let i(z) = 4*z + 1. What is i(l)?
9
Let i(x) = -6*x**2 + 8*x + 17. Let u(p) = 5*p**2 - 8*p - 15. Let n(w) = 4*i(w) + 5*u(w). What is n(7)?
-14
Let w(p) = -3*p**3 - 5*p**2 - 2*p + 6. Let i(m) = -m**3 - m**2 + 1. Let t(d) = 4*i(d) - w(d). Let u be -15*(5/3 - 2). Let r = u + -3. Determine t(r).
-2
Suppose 467*y - 3*x + 21 = 464*y, 0 = -y - 3*x + 21. Let i(d) be the third derivative of d**4/24 + d**3 + d**2. Give i(y).
6
Let i(s) be the third derivative of -s**4/6 + 3*s**3/2 + 322*s**2. What is i(6)?
-15
Let d(h) be the third derivative of h**6/120 - h**5/5 - 7*h**4/12 + 3*h**3 + 10*h**2 - 6*h. What is d(13)?
5
Let l(o) = -3*o**3 - 8*o + 1. Let q(v) = 4*v**3 - v**2 + 10*v. Let u(k) = -5*l(k) - 4*q(k). What is u(4)?
-5
Let l(n) = -n + 1. Let q = 32 - 24. Suppose 0*a - 2*a = -q. Suppose 3*y = 4*y + a. What is l(y)?
5
Let q(a) = a + 2 - 11*a + 3 + 6*a. Suppose -f + 4*l = -0*l - 13, -2*f + 8 = l. Determine q(f).
-15
Let f(v) = v**2 + 5*v - 3. Let n = 15 + -12. Let z be (-6)/n*14/4. Calculate f(z).
11
Let g(i) = i**3 - 3*i**2 - 6*i + 5. Let y = -40 + 23. Let s be 2*y - (-15)/5. Let u = s - -35. Give g(u).
-3
Suppose 0 = 12*g - 13 - 23. Let l be (1/2)/(3/36). Let u(d) = -l + 2*d + d**3 + g*d + 6*d**2 + 2. Determine u(-4).
8
Suppose -6 = -5*a + 9. Let q(v) = -6*v + 1 + 1 + v**a + 4 + 101*v**2 - 105*v**2. Calculate q(5).
1
Let m be (-3 - -4) + (2 - -6). Suppose m*g - 12*g - 18 = 0. Let j(n) = -n**2 - 7*n + 5. Give j(g).
11
Suppose 2*b + 2*d = 6, 2*b - 2*d = -0*d - 14. Let o be (-8)/12*21/b. Let c(j) = 2*j - 5. What is c(o)?
9
Let o(a) = -a**3 + a**2 + 2*a + 1. Let i = -197 + 199. What is o(i)?
1
Let r(j) = -3*j + 1. Suppose 2*u - 3 = 17. Suppose 5*w - 15 = 4*m, 40 = -5*w - 5*m